) - (-7)/21?
14
Let a = -6 + 10. Let p(y) = y**3 - 3*y**2 - 5*y + 6. Let u be p(a). Suppose g - 4*k = -0*k + 23, g + 1 = -u*k. What is the remainder when 13 is divided by g?
6
Suppose 5*p - 60 = 55. What is the remainder when 89 is divided by p?
20
Let u(h) = -h**3 - 6*h**2 + 7*h + 2. Calculate the remainder when 5 is divided by u(-7).
1
Let f = 18 - 25. Let p(n) = -n**2 - 7*n + 10. Let a = 1 - -17. What is the remainder when a is divided by p(f)?
8
Let z = -58 - -68. What is the remainder when z is divided by 8?
2
Suppose 0 = -2*x - 5*f + 45, -2*x = x + f - 74. Calculate the remainder when x is divided by 7.
4
Let r(p) = p**2 + p - 12. What is the remainder when 113 is divided by r(6)?
23
Let c(q) = -2*q**3 - q**2 + q + 3. Let w be c(0). Suppose -w*h = 3*f - 33, 7 = -2*f + 4*f - h. What is the remainder when (-2)/(((-2)/1)/10) is divided by f?
4
Let g(r) be the first derivative of 5*r**2 - r + 1. Calculate the remainder when (11 - -2)*(-10)/(-5) is divided by g(1).
8
Let h(u) = u**2 + 2*u - 2. Let s be h(-3). Let m be ((-4)/6)/s*-3. Suppose -m*x + x = -5. What is the remainder when x is divided by 3?
2
Suppose 0 = -4*r + 49 - 9. Calculate the remainder when 17 is divided by r.
7
Suppose 4*w = w + 75. Let j = -16 + w. What is the remainder when j is divided by 4?
1
Suppose 0 = -q + 2*n + 30 - 10, -q - 4*n = 4. What is the remainder when 34 is divided by q?
10
Let d(l) = -49*l - 3. Calculate the remainder when d(-2) is divided by 24.
23
Let f = -27 + 47. Calculate the remainder when 75 is divided by f.
15
Suppose 110*a = 111*a - 4. Calculate the remainder when 6 is divided by a.
2
Let w = 2 - -11. Calculate the remainder when 168 is divided by w.
12
Suppose 2*k = 3*y - 0 - 11, y + 4*k = -15. Let l = 6 + y. Calculate the remainder when 20 is divided by l.
6
Let q(h) = 10*h**2 + h + 1. Let i(p) = p**2 + 6*p - 2. Let w be i(-7). Suppose -100 = -w*l + 35. Calculate the remainder when l is divided by q(-1).
7
Let o = -10 - -28. What is the remainder when o is divided by 7?
4
Let v(y) = y**2 + 8*y - 3. Let f(o) = -3*o**2 - 23*o + 9. Let l(p) = -6*f(p) - 17*v(p). What is the remainder when 47 is divided by l(-5)?
11
Let d = -21 + 38. What is the remainder when d is divided by 12?
5
Suppose -x = 5*l - 18, 5*l - 8 - 13 = -2*x. Suppose 7 = 5*f - l. What is the remainder when 5 is divided by f?
1
Suppose u + 525 = -z + 6*z, 5*z = -3*u + 505. Calculate the remainder when z is divided by 27.
23
Suppose -2*v = 4*z - 14, v + 4*z = 5*z + 16. Calculate the remainder when 28 is divided by v.
2
Suppose -7*t = -5*r - 5*t + 16, -4*r = -2*t - 12. What is the remainder when 23 is divided by r?
3
Suppose -10 = -2*f - 5*y - 132, -f + y = 61. Let h = f - -30. Let q = h - -58. What is the remainder when q is divided by 15?
12
Let z(p) = p**2 + 2*p - 2. Suppose k + 2*f + 37 = 6*k, k - 10 = 3*f. What is the remainder when z(3) is divided by k?
6
Calculate the remainder when -1 - (2 - 35 - -3) is divided by (-1 + 7)*(-20)/(-15).
5
Let m = 90 - -103. Let w = m + -114. What is the remainder when w is divided by 20?
19
Calculate the remainder when 23 is divided by 8/14 + 342/63.
5
Let c = 289 + -532. Calculate the remainder when c/9*(-2)/3 is divided by 5.
3
Suppose 130 = 6*h - h. Calculate the remainder when h is divided by ((-56)/12)/(2/(-6)).
12
Let c(v) = v**3 - 7*v**2 - 7. Let f be c(7). Let u = f + 50. Calculate the remainder when u is divided by 22.
21
Let y = -12 - -42. What is the remainder when y is divided by 17?
13
Let f = 149 - 99. Calculate the remainder when 147 is divided by f.
47
Let z(c) = -c**3 + 3*c - 4. What is the remainder when 25 is divided by z(-3)?
11
Let t = -11 - -6. Let h = 10 + t. Suppose 3*m + 0 - 6 = 0. What is the remainder when h is divided by m?
1
Suppose -2*v + 10 = -v. What is the remainder when v is divided by 5?
0
Let p(r) = r**2 - 3*r + 4. Let c be p(4). What is the remainder when -1 + c/4 + 15 is divided by 6?
4
Suppose 4*o + r = 71, -2*o + 6*o - 74 = 2*r. What is the remainder when 69 is divided by o?
15
Suppose 4*m - 8 = 4*h, -h + 2 = 2*m + 4. Let c = m - -2. Suppose 5*y = -5*q + 170, 4*y + 154 = 4*q + c*y. What is the remainder when q is divided by 13?
11
Let q be (-2)/(-3) + (-16)/6. Let f be (-6)/(-2) - (-6)/(-1). Calculate the remainder when 7 is divided by 2/(-1) - f - q.
1
Let r = 44 - 22. Calculate the remainder when 63 is divided by r.
19
Let p = -123 + 198. Let k = 118 - p. Calculate the remainder when k is divided by 11.
10
Let u = -14 - -5. Let h(i) be the first derivative of i**4/4 + 10*i**3/3 + 4*i**2 + 3*i + 3. Calculate the remainder when 22 is divided by h(u).
10
Suppose 2*x + a - 101 = -x, 4*x = -5*a + 120. What is the remainder when x is divided by 8/6*((-46)/(-4) + 2)?
17
Suppose -2*w - 162 - 8 = -4*v, -2*v - 4*w = -90. Let d = -48 + 63. Calculate the remainder when v is divided by d.
13
Suppose -2*d = 4*g - 0*d - 46, -5*g + 85 = -3*d. What is the remainder when 68 is divided by g?
12
Suppose -21 + 6 = -5*l, 5*r + 5*l = 310. What is the remainder when r is divided by 21?
17
Let v = -26 + 72. Calculate the remainder when v is divided by 4.
2
Suppose -1 = -i + 42. Suppose -n + 75 = 4*r, -n - i = -3*r + 15. Calculate the remainder when 37 is divided by r.
18
Let g = 31 + -17. What is the remainder when 55 is divided by (g/5)/(1/5)?
13
Let f = -33 + 49. What is the remainder when f is divided by 6?
4
Let w = 135 - 93. Suppose -w = -u - 2*u. Calculate the remainder when 40 is divided by u.
12
Let k = 2 - 1. Let a = k + 1. Let h = -18 - -20. Calculate the remainder when a is divided by h.
0
Let y(r) = r**3 + 5*r**2 - 9*r - 20. What is the remainder when 40 is divided by y(-5)?
15
Let s = -2 - -4. Let y be s/11 - (-106)/22. Calculate the remainder when 19 is divided by 2 - y/2*-2.
5
Let q = 64 + -36. Suppose 4 = -3*w + q. What is the remainder when 14 is divided by w?
6
Suppose 215 = 4*u - 4*i - 73, -2*u + 142 = -i. Calculate the remainder when u is divided by 18.
16
Let f(u) = -u**3 - 27*u**2 + u + 31. Calculate the remainder when 10 is divided by f(-27).
2
Calculate the remainder when (-24)/(-108) - 295/(-9) is divided by 12.
9
Let y = 65 - 27. Suppose 5*g - 2*g = 5*z - 38, 2*g = 8. What is the remainder when y is divided by z?
8
Let t(g) = g**2 - 6*g - 3. Let r(q) = q + 1. Let y(b) = -6*r(b) + t(b). Let i be y(9). Let h = -8 - i. Calculate the remainder when h is divided by 15.
13
Suppose 2*h - 4*v + 14 = -14, -5*v + 26 = -h. Let p be ((-8)/h)/(2/(-3)). Calculate the remainder when 31 is divided by (-1)/((-2)/(-64)*p).
15
Let v(s) = -s + 1. Let d = -16 + 12. Let y(c) = c**3 - 2*c**2 + c - 4. Calculate the remainder when y(3) is divided by v(d).
3
Let r be (0 - -1) + 1*-1. Let s(q) = -q**3 + q**2 + 10*q - 6. Let a be s(4). Let n = r - a. What is the remainder when n is divided by 5?
4
What is the remainder when 61 is divided by 10/(-25) + 2*107/10?
19
Let t = -2 - -20. Suppose -21 - 13 = -2*v. Suppose 0 = -j - j + 3*b + 23, 2*j + 3*b - v = 0. What is the remainder when t is divided by j?
8
Suppose -3*s + 10 = 2*s. Let m(p) = -11*p + 1. Let a be m(s). Let l = a - -31. Calculate the remainder when 17 is divided by l.
7
Calculate the remainder when (333/12)/(6/(-8) + 1) is divided by 19.
16
Suppose 0 = t - 3*t + 14. What is the remainder when 11 is divided by t?
4
Suppose -15 = -2*w + 9. Suppose -4*k + 69 = -k. Calculate the remainder when k is divided by w.
11
Calculate the remainder when 17 is divided by 0 - ((-6)/(-30) - 66/5).
4
Let p = -12 - -5. Suppose -5 = -z - 3*h, -z - z - 4*h + 14 = 0. Let f = z + p. What is the remainder when 11 is divided by f?
3
Suppose 0 = -g + r + 246, -4*g - 2*r + 954 = -0*r. Calculate the remainder when g is divided by 22.
21
Suppose x = 2*x - 8. Calculate the remainder when 24 is divided by x.
0
Let w = -7 + 40. What is the remainder when w is divided by (-244)/(-36) - (-4)/18?
5
Suppose -5*a + p = -15, 5 = -2*p + 3*p. Suppose -6*x + 4*y = -3*x - 49, 56 = a*x - 3*y. Suppose 4 = -5*m + 104. What is the remainder when m is divided by x?
9
Suppose 7 = -5*q - 0*q + 2*m, -4*q - 5*m + 1 = 0. Let x be (-17)/(-1) + q + -1. Suppose 0 = -8*g + 3*g + x. Calculate the remainder when 4 is divided by g.
1
Suppose 8*p = 3*p. Suppose 0*k = 3*k + 3*v + 69, p = -5*k + v - 109. Calculate the remainder w